{"id":23,"date":"2009-01-03T22:14:20","date_gmt":"2009-01-03T21:14:20","guid":{"rendered":"http:\/\/geo-fm.de\/brandin\/?page_id=23"},"modified":"2025-04-18T12:35:58","modified_gmt":"2025-04-18T10:35:58","slug":"geodienste","status":"publish","type":"page","link":"https:\/\/geo-fm.de\/brandin\/dienstleistungen\/geodienste\/","title":{"rendered":"Geodienste"},"content":{"rendered":"\n<p class=\"has-text-color has-link-color has-medium-font-size wp-elements-ff509dabfd69b042e081f72394fc7c7a\" style=\"color:#034f51\"><em><strong>G<\/strong>eo<strong>I<\/strong>nformations<strong>S<\/strong>ysteme dienen zur Erfassung, Speicherung, Pr\u00fcfung, Manipulation, Integration, Analyse und Darstellung von Daten in ihrem r\u00e4umlichen Kontext. Das erm\u00f6glicht Auswertungen und Abfragen in ganz neuer Qualit\u00e4t. Bestehende Daten erhalten durch den Raumbezug einen Mehrwert: Geographische Auswertungen und thematische Darstellungen in Karten liefern v\u00f6llig neue Zusammenh\u00e4nge und Erkenntnisse.<\/em><\/p>\n\n\n\n<hr class=\"wp-block-separator has-alpha-channel-opacity\"\/>\n\n\n\n<h4 class=\"wp-block-heading has-text-align-left has-text-color has-link-color has-large-font-size wp-elements-56ede96259b1b427626d20863954ad86\" style=\"color:#034f51\"><strong>Die folgenden Leistungen bieten wir f\u00fcr Ihre Aufgaben im Bereich GIS an:<\/strong><\/h4>\n\n\n\n<ul class=\"wp-block-list\">\n<li style=\"font-size:16px\"> <span style=\"font-size: revert; color: initial;\">Systemberatung<\/span> <\/li>\n\n\n\n<li style=\"font-size:16px\">GI- Systemeinf\u00fchrungskonzepte<\/li>\n<\/ul>\n\n\n\n<h5 class=\"wp-block-heading has-white-color has-text-color has-background has-link-color wp-elements-002fa51f7218998645e730f072ee38fb\" style=\"background-color:#034f51\"><strong>Projektmanagement<\/strong><\/h5>\n\n\n\n<ul class=\"wp-block-list\">\n<li style=\"font-size:16px\">Erstellung von Pflichtenheften und GI- Datenerfassungskonzepten<\/li>\n\n\n\n<li style=\"font-size:16px\">GI- Datenakquisition und -organisation<\/li>\n\n\n\n<li style=\"font-size:16px\">GIS-Netzwerke<\/li>\n\n\n\n<li style=\"font-size:16px\">GIS-Outsourcing<\/li>\n<\/ul>\n\n\n\n<h5 class=\"wp-block-heading has-white-color has-text-color has-background has-link-color wp-elements-67e2374abacdf02a5708d0d6fae55939\" style=\"background-color:#034f51\"><strong>Datenerfassung &#8211; Analyse &#8211; Auswertung<\/strong><\/h5>\n\n\n\n<ul class=\"wp-block-list\">\n<li style=\"font-size:16px\">\u00dcbernahme von Vermessungsdaten in ein GIS<\/li>\n\n\n\n<li style=\"font-size:16px\">Scannen, Vektorisieren, Plotten<\/li>\n\n\n\n<li style=\"font-size:16px\">Georeferenzierung und Entzerrung von farbigen und monochromen Pl\u00e4nen (Luftbilder, DGK, TK, Inselflurkarten, B- und F-Pl\u00e4ne, u.a.)<\/li>\n\n\n\n<li style=\"font-size:16px\">Einbinden von georeferenzierten Karten in ein GIS<\/li>\n\n\n\n<li style=\"font-size:16px\">Digitalisierung (z.B. Grundrisspl\u00e4ne, B- und F-Pl\u00e4ne, Leitungspl\u00e4ne, Boden-, geologische Karten)<\/li>\n\n\n\n<li style=\"font-size:16px\">3D-Profile, 3D-Gel\u00e4ndemodelle aus Laserscandaten<img loading=\"lazy\" decoding=\"async\" class=\"alignright size-full wp-image-89\" title=\"ETRS89\" src=\"https:\/\/geofm.regulus.uberspace.de\/brandin\/wp-content\/uploads\/2009\/01\/ETRS89-2.jpg\" alt=\"ETRS89\" width=\"336\" height=\"194\" srcset=\"https:\/\/geo-fm.de\/brandin\/wp-content\/uploads\/2009\/01\/ETRS89-2.jpg 350w, https:\/\/geo-fm.de\/brandin\/wp-content\/uploads\/2009\/01\/ETRS89-2-300x174.jpg 300w\" sizes=\"auto, (max-width: 336px) 100vw, 336px\" \/><\/li>\n\n\n\n<li style=\"font-size:16px\">Verschneidung von Geodaten<\/li>\n\n\n\n<li style=\"font-size:16px\">Buffern<\/li>\n\n\n\n<li style=\"font-size:16px\">Statistische Auswertungen und Bewertungen<\/li>\n\n\n\n<li style=\"font-size:16px\">Datenkonvertierungen bidirektional<\/li>\n\n\n\n<li style=\"font-size:16px\">BricsCAD, AutoCAD &#8211; Map &#8211; Civil &#8211; ADT (DWG, DXF), BIM-Infrastructur, ARC-VIEW \/ QGIS (SHP), ARC INFO (E00, Coverage), Microstation (DGN)<\/li>\n\n\n\n<li style=\"font-size:16px\">Bestandsaufnahmen, Kartierungen vor Ort<\/li>\n\n\n\n<li style=\"font-size:16px\">Koordinatentransformation ( z.B. ETRS89\/UTM)<\/li>\n<\/ul>\n","protected":false},"excerpt":{"rendered":"<p>GeoInformationsSysteme dienen zur Erfassung, Speicherung, Pr\u00fcfung, Manipulation, Integration, Analyse und Darstellung von Daten in ihrem r\u00e4umlichen Kontext. Das erm\u00f6glicht Auswertungen und Abfragen in ganz neuer Qualit\u00e4t. Bestehende Daten erhalten durch den Raumbezug einen Mehrwert: Geographische Auswertungen und thematische Darstellungen in Karten liefern v\u00f6llig neue Zusammenh\u00e4nge und Erkenntnisse. Die folgenden Leistungen bieten wir f\u00fcr Ihre Aufgaben im Bereich GIS an: Projektmanagement Datenerfassung &#8211; Analyse &#8211; Auswertung<\/p>\n","protected":false},"author":1,"featured_media":0,"parent":7,"menu_order":0,"comment_status":"closed","ping_status":"closed","template":"","meta":{"footnotes":""},"class_list":["post-23","page","type-page","status-publish","hentry"],"_links":{"self":[{"href":"https:\/\/geo-fm.de\/brandin\/wp-json\/wp\/v2\/pages\/23","targetHints":{"allow":["GET"]}}],"collection":[{"href":"https:\/\/geo-fm.de\/brandin\/wp-json\/wp\/v2\/pages"}],"about":[{"href":"https:\/\/geo-fm.de\/brandin\/wp-json\/wp\/v2\/types\/page"}],"author":[{"embeddable":true,"href":"https:\/\/geo-fm.de\/brandin\/wp-json\/wp\/v2\/users\/1"}],"replies":[{"embeddable":true,"href":"https:\/\/geo-fm.de\/brandin\/wp-json\/wp\/v2\/comments?post=23"}],"version-history":[{"count":21,"href":"https:\/\/geo-fm.de\/brandin\/wp-json\/wp\/v2\/pages\/23\/revisions"}],"predecessor-version":[{"id":1023,"href":"https:\/\/geo-fm.de\/brandin\/wp-json\/wp\/v2\/pages\/23\/revisions\/1023"}],"up":[{"embeddable":true,"href":"https:\/\/geo-fm.de\/brandin\/wp-json\/wp\/v2\/pages\/7"}],"wp:attachment":[{"href":"https:\/\/geo-fm.de\/brandin\/wp-json\/wp\/v2\/media?parent=23"}],"curies":[{"name":"wp","href":"https:\/\/api.w.org\/{rel}","templated":true}]}}